 3*q + 17 = 0. Is 2 + 0 + p - -204 a prime number?
False
Let v = -462 - -1153. Is v a composite number?
False
Suppose -5*m = -6*m + 815. Is m composite?
True
Let x(c) = 36*c - 11. Is x(6) a prime number?
False
Suppose h + 80 = -3*h. Let y be (-14)/(-4) - 30/h. Suppose 0 = y*z - 0*z - 235. Is z a prime number?
True
Let b = -24 - 261. Let z be (b - -1)/(10/(-15)). Suppose -k + z = 4*k + s, 5*s = 4*k - 335. Is k prime?
False
Suppose -5*u + 19 = -11. Is (u/2)/(-3)*-43 a prime number?
True
Let y = 204 + -119. Is y a prime number?
False
Let o be (-133)/(-49) + (-2)/(-7). Is o + 5/(20/64) prime?
True
Let u = 482 + -247. Is u a prime number?
False
Suppose 0 = 2*p + p, -3*p = 3*c - 1695. Is c a composite number?
True
Suppose 3*r - 408 - 471 = 0. Is r a composite number?
False
Suppose -2*i - 1 + 7 = 0. Let c(z) = z**2 - 3*z - 2. Let l be c(-5). Suppose i*p - 73 = l. Is p a composite number?
False
Suppose -560 = -q - 181. Is q prime?
True
Let a(v) = v**3 + 9*v**2 - 7*v + 3. Is a(-8) prime?
False
Let s be 2/(-5) + 628/20. Let k = s + -6. Suppose 2*a = 3*a - k. Is a composite?
True
Let a(b) = 4*b + 2. Let z be a(-3). Suppose 32 = q + q. Let s = q + z. Is s composite?
True
Suppose 0 = -l - 2 + 5. Suppose 3*w = -2*p + 1970, -3*w + 2*p + 0*p = -1954. Suppose -5*d - l*x + 658 = 0, -7*d + x + w = -2*d. Is d composite?
False
Suppose 3697 = 5*z - 2*x - 0*x, 2 = -2*x. Is z a composite number?
False
Suppose -3*i + 310 - 97 = 0. Let a be -19 - (-1 + -2 + 2). Let f = a + i. Is f a composite number?
False
Suppose -2*u - u = -2253. Is u a prime number?
True
Suppose 18 = 2*g - 4*g. Let f = g + 64. Is f composite?
True
Let k(q) be the first derivative of q - 1. Let g(f) = 34*f - 6. Let n(w) = g(w) + 5*k(w). Is n(1) composite?
True
Let g be 0 - 6*1*-3. Let q = 29 - g. Is q a composite number?
False
Let b(c) = 6*c + 3. Let a be b(-5). Is 6/a + 3802/18 a prime number?
True
Let u be 1 + -129 - (-7 + 5). Let h = u + 223. Is h a prime number?
True
Let u(c) = -43*c + 2. Let x(n) = n**3 - 4*n**2 - 2*n + 5. Let b be x(4). Is u(b) composite?
False
Let n = 207 - 448. Suppose -5*v - 404 - 236 = 0. Let d = v - n. Is d prime?
True
Let t(a) = a + 5. Let b be t(0). Suppose -20 = -b*n - 0. Is (n/(-12))/(2/(-42)) a composite number?
False
Let h be 2/(-11) - 46/(-11). Suppose -3*l + 18 = l + v, -h*l + 22 = 3*v. Suppose -l*j - 138 = -2*k - 0*k, -2*j = -3*k + 187. Is k a composite number?
False
Is 1192/32*(-16)/(-2) a composite number?
True
Suppose 0 = -f, 0 = -4*o - 0*f + f + 12. Suppose 0 = -v + 31 + o. Let x = 65 - v. Is x composite?
False
Suppose -4*g + 2*g + x = -400, 2*x + 402 = 2*g. Is g prime?
True
Let m be (-4 + 3)*(0 - 6). Let q = m + -3. Let k(a) = a**2 + a - 3. Is k(q) a composite number?
True
Let t = -1 + 2. Suppose 3*k = -11 - t. Is 172/3 - k/6 a composite number?
True
Suppose -4*a + 2*d + 0*d + 10 = 0, -3*a + 10 = -2*d. Suppose a = 3*r - 30 - 108. Is r composite?
True
Let g = -149 + 264. Is g prime?
False
Let y = 5 + -1. Let l be (-1*2)/(y/(-370)). Suppose k = -4*k + l. Is k prime?
True
Suppose -3*l + 6 = 5*z, -6*l = -2*z - l - 10. Is (-996)/8*(z - 2) prime?
False
Suppose 0*g = -4*w - 2*g - 4, -2*g + 2 = 2*w. Is (w/(-9))/(5/2865) a composite number?
False
Let y be 22/(-6)*(-27 + 0). Suppose 0 = -l + 4*l - y. Is l a prime number?
False
Let p(n) = 1734*n**2 + 6*n + 5. Is p(-1) composite?
False
Suppose 2*q - 34 = c - 3*c, -3*q + 47 = c. Let i = -10 + q. Suppose 0*a - 2*a - 5*d = -99, 0 = i*a + 5*d - 210. Is a prime?
True
Let x(m) = 9*m**3 - m**2 - 1. Let z(t) = -t**3 - 2*t**2 + 3*t + 2. Let k be z(-3). Is x(k) a composite number?
False
Suppose 4*v = 2*v + 8. Suppose -5*c + 202 = -v*c. Is c prime?
False
Let h(r) = -r**3 - 9*r**2 - 8*r + 5. Let z be (-6)/5*40/6. Let o be h(z). Suppose -c - 6 - o = -4*u, c = -3*u + 24. Is c a composite number?
True
Is 2 + 27*(6 - 3) a prime number?
True
Suppose 17 = 3*a - 16. Let x = a + -21. Is (-2)/(-10) - 2108/x a prime number?
True
Suppose -4*j = j. Is j/(4/(-4)) - -79 a prime number?
True
Let m = -84 + 52. Let q = -4 + m. Let o = 74 + q. Is o prime?
False
Suppose -5*p = -0*p - 30. Let x(r) = -31*r + 4. Let v(w) = w + 1. Let s(k) = 5*v(k) - x(k). Is s(p) a composite number?
True
Let a = -298 - -503. Let q = 344 - a. Is q a prime number?
True
Let x(w) = -w**2 + w - 1. Let h(g) = 6*g**2 - g - 2. Let m(p) = h(p) - 2*x(p). Is m(-5) a composite number?
True
Suppose 4*r + 287 = 919. Is r composite?
True
Let c = -9 + 13. Let g(d) = 2*d**2 - 6*d + 6. Is g(c) a prime number?
False
Suppose -4*b + 3*g + 44 = 0, 20 = b - 2*g - g. Suppose 3*a + 21 = 60. Suppose -3*m + a + b = 0. Is m a composite number?
False
Let j(v) = v**2 + 2*v + 2. Let t be j(-2). Suppose -t*d = -d - 55. Is d a prime number?
False
Let f = 350 - 167. Is f a composite number?
True
Is 2/(3/(86475/10)) a prime number?
False
Is ((-30)/(-75))/(2/530) prime?
False
Let t(w) = 9*w**3 - 2*w**2 - 2*w - 15. Is t(4) prime?
True
Is (-4)/(-6) - (-8010)/54 prime?
True
Let m(v) be the third derivative of -v**4/24 + 55*v**3/6 - 2*v**2. Is m(0) prime?
False
Let m(d) be the first derivative of d**4/4 - d**3/3 + 50*d - 3. Let u be m(0). Let n = 39 + u. Is n composite?
False
Suppose 5*v = 9 + 6. Suppose 14 = 5*f + c + 59, -2*c = -4*f - 36. Is v/(f/(-339)*1) prime?
True
Let c be (-4)/(-1) + 6/(-3). Suppose -4*f + 203 = -129. Suppose 7*s - 4*s = r + 108, 0 = c*s + 3*r - f. Is s prime?
True
Let z(u) = u**3 + 16*u**2 - 2*u - 13. Let m be z(-10). Suppose 5*b + 62 - m = 0. Is b a prime number?
True
Suppose -4*l - 3089 = u - 4*u, 4104 = 4*u + 2*l. Is u prime?
False
Suppose -4*z = 5*v + 2, -3*v + z + 0 + 9 = 0. Let s(f) = -f + v*f + 0*f + 2. Is s(4) composite?
True
Let w be (-6)/15 + 1341/15. Let l = -40 + w. Is l a prime number?
False
Let j(d) = -4*d - 10. Let y = -3 + -8. Is j(y) prime?
False
Let y = 57 - 16. Is (3 + y)*1/2 prime?
False
Let f(a) = 162*a - 1. Suppose -b + 2*b = 3. Let y be f(b). Suppose 6*m = m + y. Is m a prime number?
True
Let x = 6 + -4. Is (8/(-12))/(x/(-213)) a composite number?
False
Suppose -2*l + 506 = -0*l. Is l prime?
False
Let u(k) = -k**2 + 5*k. Let y be u(6). Let w(b) = b**2 + 4*b - 8. Let x be w(y). Suppose -x*p = -4*t + 124, t - 5*p - 31 = -0*t. Is t prime?
True
Let q = -1 - -5. Suppose 6*w - 71 = 4*w + c, 0 = q*w - 4*c - 144. Is w composite?
True
Suppose -l = -3, -2*s - 2*s - 3*l = -549. Let p = 218 - s. Is p prime?
True
Let m = 454 - -643. Is m a prime number?
True
Suppose -5*y - 2*h = 0, -2*h - 5 = 5. Let k be (-2)/y*-1 - -143. Suppose 4*z - k = 5*q, 0*z - 2*z = -q - 66. Is z a composite number?
False
Let r(d) = -d**3 + 5*d**2 - d + 7. Let z be r(5). Suppose -53 = -z*i + i. Is i composite?
False
Let z = 673 - 42. Is z a composite number?
False
Let w be (-1)/(-3*(-4)/48). Let q = 17 + -4. Let v = w + q. Is v a prime number?
False
Let f be 3 - 0 - (-2 + 1). Let a = -4 + f. Suppose a*m = -4*m + 92. Is m a prime number?
True
Let u(l) = -19*l - 1. Let v be u(-1). Let f be (-14)/(-63) + 68/v. Suppose i - 17 = -f. Is i a composite number?
False
Suppose -r - 4 = -2*r. Suppose r*p - 942 = 2*w, -5*p + 477 = -3*p + w. Is p a composite number?
True
Let h be (-2)/9 - (-116)/36. Suppose -h*p + 445 = 2*p. Is p prime?
True
Suppose -2*c = 2*c + k + 3, 4*k = -2*c + 2. Let s be c/(2*3/(-192)). Let j = s - 23. Is j prime?
False
Suppose -a = -6*a + 345. Is a composite?
True
Let m(s) = s**2 - 16*s - 34. Is m(-15) composite?
False
Suppose 12 = 4*k - 5*d, -2*k - 5*d = -3*k + 18. Is (-2)/(-4)*-23*k composite?
False
Suppose 2*n = p + 6*n - 109, 4*p = -4*n + 448. Is p composite?
False
Is 3 + 748/15 + (-4)/(-30) composite?
False
Let t = 2 + -2. Suppose t*u + 92 = -u. Let p = -55 - u. Is p a prime number?
True
Suppose 2*i + 1 = 7. Suppose -f = -0*f, 165 = 5*v + i*f. Is v prime?
False
Let k(j) = 17*j + 36. Is k(10) prime?
False
Let x = -25 + 42. Suppose -2*t - x = 3*j, -t + 0*t = -j + 16. Let g = -9 - t. Is g prime?
False
Suppose 5*m + 4*y = 3 - 2, 3*y = 4*m - 7. Let a be m/(594/(-298) + 2). Let t = a - 90. Is t a prime number?
True
Let b = 26 + 4. Let t = 8 - 5. Suppose 0 = -3*p - c + 110, t*p - 2*p + 2*c = b. Is p a prime number?
False
Suppose -k - 66 = -m + 2*k, 5*k - 90 = -m. Suppose -2*c = c - m. Let l = 35 - c. Is l a prime number?
False
Is ((-14)/(-4))/((-24)/(-1392)) a composite number?
True
Let n(